factor of 50328?
False
Does 57 divide 591059?
False
Does 170 divide 2125?
False
Is 2552832 a multiple of 11?
False
Is 208803 a multiple of 14?
False
Does 100 divide 18071?
False
Is 153 a factor of 121176?
True
Is 8050263 a multiple of 40?
False
Is 129 a factor of 99201?
True
Is 93 a factor of 971013?
True
Is 21 a factor of 68061?
True
Does 366 divide 90768?
True
Does 132 divide 22264?
False
Is 966956 a multiple of 3?
False
Does 228 divide 255237?
False
Does 63 divide 1010721?
False
Does 679 divide 232897?
True
Is 51 a factor of 8142081?
False
Is 76 a factor of 65869?
False
Is 14 a factor of 1515584?
True
Is 549 a factor of 4071361?
False
Is 22 a factor of 84062?
True
Does 187 divide 1403809?
True
Is 108687 a multiple of 81?
False
Is 200032 a multiple of 8?
True
Is 11 a factor of 29297?
False
Is 164748 a multiple of 305?
False
Is 133 a factor of 1627255?
True
Is 126 a factor of 2723616?
True
Is 25 a factor of 238013?
False
Does 2 divide 49962?
True
Does 120 divide 154800?
True
Is 52 a factor of 617656?
True
Is 3432577 a multiple of 17?
False
Is 35060 a multiple of 15?
False
Is 2347 a factor of 9332858?
False
Is 698724 a multiple of 78?
True
Is 233700 a multiple of 10?
True
Does 74 divide 1754236?
False
Is 6025 a multiple of 111?
False
Does 445 divide 8802990?
True
Is 4515885 a multiple of 55?
True
Is 142 a factor of 601938?
True
Does 1150 divide 3551738?
False
Does 39 divide 2088411?
True
Does 12 divide 30648?
True
Is 23087 a multiple of 8?
False
Does 23 divide 2606560?
False
Is 42 a factor of 167439?
False
Is 20026 a multiple of 8?
False
Does 5 divide 38550?
True
Is 297072 a multiple of 12?
True
Does 176 divide 6161259?
False
Is 3 a factor of 65050?
False
Is 28 a factor of 24105284?
True
Does 70 divide 2067660?
True
Does 95 divide 267515?
False
Is 151249 a multiple of 287?
True
Does 18 divide 2148540?
False
Does 9 divide 5625?
True
Is 3679440 a multiple of 16?
True
Is 12 a factor of 85104?
True
Is 51520 a multiple of 115?
True
Does 12 divide 1089?
False
Is 171 a factor of 333450?
True
Does 6 divide 894681?
False
Does 10 divide 3138195?
False
Is 32 a factor of 21122?
False
Is 12691 a multiple of 4?
False
Is 477781 a multiple of 90?
False
Is 213672 a multiple of 232?
True
Is 10371675 a multiple of 15?
True
Is 52452 a multiple of 37?
False
Is 119 a factor of 914277?
True
Is 572625 a multiple of 509?
True
Is 12 a factor of 829180?
False
Is 226 a factor of 697983?
False
Is 51110 a multiple of 19?
True
Is 292 a factor of 8176?
True
Is 3 a factor of 5877?
True
Is 23 a factor of 21139795?
False
Does 130 divide 4605640?
True
Is 60 a factor of 4470300?
True
Is 13 a factor of 405918?
False
Is 37 a factor of 3214079?
True
Is 41246 a multiple of 4?
False
Is 18906 a multiple of 46?
True
Does 247 divide 336167?
True
Does 28 divide 441196?
True
Is 13 a factor of 15102152?
True
Is 116 a factor of 3693535?
False
Is 5043325 a multiple of 5?
True
Is 1269945 a multiple of 24?
False
Is 39 a factor of 2018?
False
Does 295 divide 159419?
False
Does 266 divide 6410068?
True
Is 473 a factor of 1206150?
True
Is 138 a factor of 61718?
False
Is 106 a factor of 149072?
False
Is 1332 a factor of 10402617?
False
Is 871213 a multiple of 78?
False
Is 6995933 a multiple of 253?
False
Is 370 a factor of 1715690?
True
Is 71300 a multiple of 115?
True
Is 150839 a multiple of 7?
False
Does 52 divide 693940?
True
Is 4 a factor of 102974?
False
Is 665722 a multiple of 55?
False
Is 651 a multiple of 31?
True
Is 911260 a multiple of 230?
True
Is 43 a factor of 938747?
False
Does 65 divide 4960445?
False
Is 5 a factor of 1804769?
False
Does 59 divide 1155884?
False
Does 68 divide 6414508?
True
Is 380 a factor of 566960?
True
Is 1541564 a multiple of 4?
True
Is 2101875 a multiple of 295?
True
Is 67965 a multiple of 495?
False
Is 99 a factor of 878863?
False
Is 548792 a multiple of 362?
True
Is 830 a factor of 19079338?
False
Does 80 divide 75680?
True
Is 210 a factor of 661937?
False
Is 2368 a multiple of 118?
False
Is 227 a factor of 218224?
False
Is 107239 a multiple of 208?
False
Does 1773 divide 10595330?
False
Is 19 a factor of 10484012?
False
Is 1798 a multiple of 3?
False
Does 13 divide 465941?
False
Is 1332892 a multiple of 22?
True
Is 641 even?
False
Is 103 a factor of 3814090?
True
Does 3 divide 188306?
False
Is 254 a factor of 22860?
True
Is 611056 a multiple of 44?
False
Does 121 divide 287758?
False
Is 61 a factor of 418662?
False
Is 69158 a multiple of 229?
True
Is 6331980 a multiple of 192?
False
Does 140 divide 386400?
True
Does 45 divide 853425?
True
Does 14 divide 509292?
True
Is 13994 even?
True
Does 78 divide 394833?
False
Does 18 divide 109674?
True
Is 75422 a multiple of 236?
False
Is 93 a factor of 978360?
True
Is 247731 a multiple of 69?
False
Does 19 divide 4849237?
True
Is 5 a factor of 2341080?
True
Is 116600 a multiple of 20?
True
Is 734211 a multiple of 27?
True
Is 310628 a multiple of 57?
False
Does 38 divide 1571883?
False
Does 6 divide 503124?
True
Is 8 a factor of 835216?
True
Is 68 a factor of 19115616?
True
Is 52 a factor of 1114880?
True
Does 84 divide 15984024?
True
Does 20 divide 175959?
False
Does 17 divide 2837827?
True
Does 31 divide 24125378?
True
Is 2986872 a multiple of 322?
True
Does 220 divide 11893?
False
Is 4935 a multiple of 5?
True
Does 195 divide 295807?
False
Does 7 divide 387010?
False
Is 83205 a multiple of 5?
True
Is 48 a factor of 1301204?
False
Is 45 a factor of 84904?
False
Does 45 divide 234667?
False
Does 68 divide 5350769?
False
Is 1059276 a multiple of 133?
False
Is 222 a factor of 2149050?
False
Does 408 divide 1844443?
False
Is 202894 a multiple of 16?
False
Is 259301 a multiple of 90?
False
Does 16 divide 184455?
False
Is 294062 a multiple of 6?
False
Is 7293072 a multiple of 8?
True
Does 405 divide 3240?
True
Is 15 a factor of 89410?
False
Is 473437 a multiple of 14?
False
Does 30 divide 286287?
False
Is 24 a factor of 115776?
True
Is 1378638 a multiple of 191?
True
Is 8180623 a multiple of 285?
False
Does 10 divide 601223?
False
Is 6 a factor of 40651?
False
Does 243 divide 2896074?
True
Is 5 a factor of 17950?
True
Does 4 divide 1468192?
True
Does 11 divide 197017?
False
Is 716579 a multiple of 38?
False
Is 238 a factor of 759934?
True
Is 1273710 a multiple of 12?
False
Is 10823 a multiple of 9?
False
Is 9 a factor of 11704?
False
Is 614208 a multiple of 8?
True
Does 7 divide 1512368?
False
Does 207 divide 10976382?
True
Is 1291 a factor of 287893?
True
Is 12687309 a multiple of 414?
False
Is 531 a factor of 14310631?
False
Is 3460961 a multiple of 973?
True
Does 283 divide 1697922?
False
Is 222 a factor of 292818?
True
Is 118458 a multiple of 6?
True
Is 12 a factor of 63691?
False
Does 222 divide 98790?
True
Is 5 a factor of 3071?
False
Does 2 divide 20278?
True
Is 7 a factor of 37436?
True
Is 9287 a multiple of 2?
False
Is 2840322 a multiple of 327?
True
Is 93 a factor of 1681998?
True
Is 174015 a multiple of 135?
True
Does 428 divide 522905?
False
Is 259989 a multiple of 218?
False
Does 14 divide 30170?
True
Is 136 a factor of 23633?
False
Does 24 divide 4512?
True
Is 9468900 a multiple of 300?
True
Is 122898 a multiple of 8?
False
Is 819391 a multiple of 6?
False
Is 16722 a multiple of 6?
True
Does 640 divide 2776960?
True
Does 8 divide 14180026?
False
Is 26 a factor of 59722?
True
Is 1232 a factor of 125664?
True
Is 1989661 a multiple of 24?
False
Does 1586 divide 4975959?
False
Is 39 a factor of 265239?
True
Is 709 a factor of 5041427?
False
Is 18 a factor of 5852866?
False
Does 4 divide 43556?
True
Does 13 divide 8863066?
False
Does 20 divide 39442?
False
Is 250155 a multiple of 459?
True
Does 34 divide 137394?
True
Is 66248 a multiple of 28?
True
Is 12 a factor of 56695?
False
Is 203 a factor of 131950?
True
Is 186 a factor of 11034148?
False
Is 9 a factor of 703539?
True
Does 67 divide 681457?
True
Does 34 divide 883130?
False
Is 4436610 a multiple of 41?
True
Does 24 divide 95520?
True
Is 474284 a multiple of 48?
False
Is 20 a factor of 986563?
False
Does 158 divide 654120?
True
Does 10 divide 9285881?
False
Does 120 divide 1124010?
False
Does 29 divide 3084997?
False
Is 130910 a multiple of 247?
True
Is 802485 a multiple of 9?
True
Is 7297290 a multiple of 126?
True
Does 8 divide 829856?
True
Is 3048159 a